). Calculate the highest common factor of s and 25.
5
Let z = -63 + 179. What is the highest common factor of 29 and z?
29
Let u = -2 - -3. Let s(z) = 3*z**3 + z**2 + z - 1. Let n be s(u). Calculate the greatest common divisor of n and 1.
1
Let f = -8 - -4. Let l be (-1)/f - (-572)/16. Calculate the highest common factor of l and 90.
18
Let g = -2 - -5. What is the highest common factor of 2 and g?
1
Suppose -2 = -3*j + 4. Calculate the greatest common divisor of 5 and j.
1
Let w be 9 - (-1 + 0 + 1). What is the highest common divisor of w and 6?
3
Let v be (56/12)/(4/(-6)). Let t be (100/35)/((-2)/v). Calculate the greatest common divisor of t and 20.
10
Suppose -19*c = -12*c - 399. What is the greatest common factor of 38 and c?
19
Suppose -3*v + 4*v + 4*s + 12 = 0, 0 = 3*v - 5*s + 2. Let x be -30*v*(-1)/(-5). What is the highest common factor of 8 and x?
8
Let v be (-21)/(0 - -3)*-1. What is the highest common factor of v and 56?
7
Let q = -7 - -17. Let a = q + -7. Calculate the greatest common factor of 15 and a.
3
Let m = 8 + -3. Suppose 46 - 286 = -m*q. Suppose -4*l + 4*v = v - 76, 4*l = -v + 60. What is the highest common divisor of l and q?
16
Let u = -7 - -6. Let y be 6/(60/58 + u). Let i = y + -83. What is the greatest common factor of i and 13?
13
Let q = -19 - -32. Let w be (-6)/1*(-52)/8. Calculate the greatest common divisor of q and w.
13
Let d(c) = -3*c + 18. Let z be d(-8). Calculate the greatest common factor of z and 6.
6
Suppose 5*l = -0*l + 45. Suppose -6 = -6*k + 3*k, -r + 106 = k. Suppose -5*i - x + 134 = 0, -5 - r = -4*i + x. Calculate the greatest common factor of i and l.
9
Let h = -6 + 10. Suppose 0*y = h*y - 324. What is the greatest common factor of y and 9?
9
Let u(m) = -4*m**2 - 7*m - 1. Let o be u(-6). Let y = 235 + o. Calculate the greatest common factor of 12 and y.
12
Let g(f) = -f + 5. Let x be g(3). Let a be (-12)/10*(x - 7). What is the highest common factor of 66 and a?
6
Let b(s) = 10*s**2 - 2*s + 1. Let f be (-2)/3*(-15)/10. Let a be b(f). Calculate the highest common divisor of a and 63.
9
Let k = 19 + -11. Let s be 3 - 5 - (-5 + 0). Suppose -i + s = 2*i. What is the highest common divisor of k and i?
1
Suppose 5*o + 44 = 3*b + 12, 16 = -4*o. Let m be (-6)/b*(-12)/9. Suppose -3*x + 52 = -2*c, -5*x + 70 = m*c + 3*c. What is the highest common factor of 16 and x?
16
Let u = -135 - -296. What is the greatest common divisor of u and 23?
23
Suppose 0 = -b + 2*b - 7. Let j(u) = -10*u + 3. Let q = -7 + 1. Let g be j(q). Calculate the greatest common divisor of g and b.
7
Let t be 40/15*21/4. What is the greatest common factor of 56 and t?
14
Let t(n) = n - 144. Let g be t(0). Let b = g - -276. Suppose 0*w - 48 = -4*w. Calculate the highest common divisor of b and w.
12
Let z be 34/8 - 6/24. Let v be 1 + ((-8)/z - -4). Calculate the greatest common factor of v and 15.
3
Suppose -p + v + 8 = 0, 2*v + 2*v + 41 = 5*p. Calculate the highest common factor of p and 72.
9
Let k(r) = r**3 + 7*r**2 + 7*r + 5. Let g be k(-5). Let i(p) = 235*p**2 + p. Let c be i(1). Let z = 336 - c. Calculate the highest common divisor of g and z.
20
Let h = 4 + -1. Suppose -2*y = 3*y - 3*o - 7, o = 5*y - 9. Suppose -9 - 3 = -2*g + 2*p, y*g = 4*p + 22. Calculate the greatest common divisor of g and h.
1
Let m(d) = -d**2 + 3. Let v be m(0). Suppose v*h = 2*s - 298, -2 + 6 = -h. What is the greatest common factor of s and 13?
13
Let q(s) = s**3 + 10*s**2 - 8*s + 10. Let p be q(-9). Suppose 0 = 3*x - p - 233. Calculate the highest common factor of 12 and x.
12
Let q be (3 + -2)/(2 - 1). Suppose 3*j + 1 = 16. What is the highest common divisor of q and j?
1
Let s be ((-27)/(-2))/(15/200). Suppose c + 55 = 3*c + 3*g, 0 = -c + 2*g + 10. Calculate the highest common factor of s and c.
20
Let l(a) = a**3 - 5*a**2 + 7*a - 6. Let c be l(5). What is the greatest common factor of 232 and c?
29
Suppose 23 = 5*m + 2*c, -2*m - 3*c = -6*m + 23. Suppose -m = -z - 0*z. Calculate the highest common divisor of 5 and z.
5
Suppose -3*a + 180 = 2*a. Suppose -4*z + 5*z - a = 0. Calculate the highest common divisor of 252 and z.
36
Suppose -3*f + f + 60 = 0. Suppose 3*j = 5*g - 29 - f, g - 25 = 5*j. Let a be ((-44)/g)/((-1)/5). What is the highest common factor of a and 55?
11
Suppose s + 15 = -2*s. Let l(y) = -3*y + 7. Let f be l(s). Suppose -f = -2*m - 4. What is the greatest common divisor of 36 and m?
9
Let z be (-8)/(-52) + (-2997)/(-39). Let g = -3 + 10. Calculate the highest common divisor of g and z.
7
Let r = -200 + 352. Calculate the greatest common divisor of 19 and r.
19
Let z be (8 + 0)/(-2) + 2. Let c(g) = -12*g + 2. Let d be c(z). Calculate the highest common divisor of d and 39.
13
Let n(q) = -q**3 - 3*q**2 - 3*q + 2. Let s be n(-4). What is the highest common factor of s and 12?
6
Let d = 41 - 29. Let u be (-2)/2 + -2 + 7. Suppose -u*v + 9*v - 420 = 0. What is the highest common factor of d and v?
12
Let n be (-15)/2*2/(-3). Suppose n*x = -47 + 222. Suppose 68 = -5*d + 138. What is the highest common divisor of x and d?
7
Let m = -4 - 3. Let u be ((-4)/(-2))/(-1) - m. Suppose -u*v = -5*x - 35, -3*v + 2 = -4*v - 2*x. What is the highest common divisor of 4 and v?
4
Suppose z - 11 = -5*h, 3 - 8 = -5*z. What is the highest common factor of h and 16?
2
Let w(u) = u - 2. Let f be w(-4). Let d be ((-14)/(-21))/((-4)/f). What is the highest common divisor of d and 9?
1
Let g(i) = -i**3 - 7*i**2 - 5*i + 4. Let p be g(-6). Let f be 62 - (-3 + 4) - p. What is the highest common factor of f and 42?
21
Let h = 23 - 19. Calculate the highest common divisor of 12 and h.
4
Let l = 48 - 29. Calculate the highest common factor of l and 95.
19
Let t = -19 - -31. Let z = 324 + -192. What is the greatest common divisor of t and z?
12
Suppose 4*f = -5*t + 25, 4*f + 2*t = -1 + 23. Suppose -f*j + 79 + 1 = 5*y, 14 = j + 2*y. What is the greatest common divisor of 12 and j?
6
Suppose 3*d = -d - 24. Let y(h) = -h - 1. Let l be y(d). Suppose 0 = -3*s + r + 170, l*s + 4*r - 3*r - 278 = 0. Calculate the highest common divisor of s and 7.
7
Let c = -31 - -46. What is the highest common divisor of c and 45?
15
Let v = -21 - -35. Let h(y) = 8 + 3*y - 2*y - 1. Let o be h(0). Calculate the highest common divisor of o and v.
7
Suppose -t + 12 = -11. What is the highest common divisor of 46 and t?
23
Suppose 5*z - 3*t - 74 = 0, -3*t = t - 8. Let u(d) = -2*d + 4. Let f be u(4). Let h be 4/f - (-17 - 0). Calculate the highest common factor of z and h.
16
Let f be 25/(-50)*-11*2. What is the highest common factor of 187 and f?
11
Let j be (-231)/15 + (-4)/(-10). Let c be 10 - (-5)/(j/6). Suppose 5*k = -2*v + 36 + c, 5*v = -2*k + 68. Calculate the greatest common divisor of 30 and v.
6
Let c be 21*-1*1/(-3). Let v be (-1168)/(-28) - (-2)/c. What is the highest common factor of 14 and v?
14
Suppose 0*w = 2*w + p - 51, 4*p = -12. Calculate the greatest common factor of 9 and w.
9
Let h(a) = a**2 - 10*a - 73. Let n be h(15). What is the highest common factor of n and 22?
2
Suppose 9 = -2*l + 21. What is the greatest common factor of l and 12?
6
Let n = 20 + -10. Let f be n*(1 + (-4)/2). Let z = f + 19. Calculate the greatest common divisor of 9 and z.
9
Let o be (-7 - (0 - -2))*-3. Let s(n) be the first derivative of -2*n**2 - n - 3. Let j be s(-1). Calculate the greatest common factor of j and o.
3
Let a(y) = -y**2 + 4*y - 1. Suppose 0*l - 5 = -l. Let q be a(l). Let p be q/(-21) + 150/14. What is the greatest common factor of p and 11?
11
Suppose 4*f - 5*f = -35. Suppose -2*z - 13 = -z. Let q = 27 + z. What is the greatest common divisor of f and q?
7
Let o = 11 + -8. Suppose -f = -15 - 12. Calculate the highest common divisor of f and o.
3
Suppose -u - 2*u = -6. Suppose 147 = y + u*y. Suppose y = -0*d + d. Calculate the greatest common divisor of d and 7.
7
Suppose -5*o + 0*v - v = -28, -4*o + 29 = 3*v. Suppose d = -0*q + q - 21, -o*d = -4*q + 79. Calculate the highest common factor of q and 39.
13
Suppose -z = -5*z + 360. Let v be 3/((135/(-10))/(-9)). Suppose -z = -v*w - 3*w. Calculate the highest common factor of w and 90.
18
Let b = -58 + 34. Let d = 89 + b. Suppose 4*g = 16 + 36. What is the greatest common factor of g and d?
13
Suppose 6 = -2*n - 2*z, n - 3*z - 1 = -4. Let k